{"id":22,"date":"2020-01-10T10:35:00","date_gmt":"2020-01-10T08:35:00","guid":{"rendered":"http:\/\/www.taitohoito.fi\/?page_id=22"},"modified":"2025-01-17T19:08:13","modified_gmt":"2025-01-17T17:08:13","slug":"hinnasto","status":"publish","type":"page","link":"https:\/\/www.taitohoito.fi\/?page_id=22","title":{"rendered":"Hinnasto"},"content":{"rendered":"\t\t<div data-elementor-type=\"wp-page\" data-elementor-id=\"22\" class=\"elementor elementor-22\">\n\t\t\t\t\t\t<div class=\"elementor-inner\">\n\t\t\t\t<div class=\"elementor-section-wrap\">\n\t\t\t\t\t\t\t\t\t<section class=\"elementor-section elementor-top-section elementor-element elementor-element-b38fb4b elementor-section-full_width elementor-section-height-default elementor-section-height-default elementor-invisible\" data-id=\"b38fb4b\" data-element_type=\"section\" data-settings=\"{&quot;background_background&quot;:&quot;classic&quot;,&quot;animation&quot;:&quot;fadeIn&quot;}\">\n\t\t\t\t\t\t\t<div class=\"elementor-background-overlay\"><\/div>\n\t\t\t\t\t\t\t<div class=\"elementor-container elementor-column-gap-default\">\n\t\t\t\t\t\t\t<div class=\"elementor-row\">\n\t\t\t\t\t<div class=\"elementor-column elementor-col-100 elementor-top-column elementor-element elementor-element-494ffd2\" data-id=\"494ffd2\" data-element_type=\"column\" data-settings=\"{&quot;background_background&quot;:&quot;classic&quot;}\">\n\t\t\t<div class=\"elementor-column-wrap elementor-element-populated\">\n\t\t\t\t\t\t\t<div class=\"elementor-widget-wrap\">\n\t\t\t\t\t\t<div class=\"elementor-element elementor-element-e662823 elementor-widget elementor-widget-heading\" data-id=\"e662823\" data-element_type=\"widget\" data-widget_type=\"heading.default\">\n\t\t\t\t<div class=\"elementor-widget-container\">\n\t\t\t<h2 class=\"elementor-heading-title elementor-size-default\">Hinnasto<\/h2>\t\t<\/div>\n\t\t\t\t<\/div>\n\t\t\t\t\t\t<\/div>\n\t\t\t\t\t<\/div>\n\t\t<\/div>\n\t\t\t\t\t\t\t\t<\/div>\n\t\t\t\t\t<\/div>\n\t\t<\/section>\n\t\t\t\t<section class=\"elementor-section elementor-top-section elementor-element elementor-element-8ada20f elementor-section-boxed elementor-section-height-default elementor-section-height-default\" data-id=\"8ada20f\" data-element_type=\"section\" data-settings=\"{&quot;background_background&quot;:&quot;classic&quot;}\">\n\t\t\t\t\t\t<div class=\"elementor-container elementor-column-gap-default\">\n\t\t\t\t\t\t\t<div class=\"elementor-row\">\n\t\t\t\t\t<div class=\"elementor-column elementor-col-100 elementor-top-column elementor-element elementor-element-b0afa28\" data-id=\"b0afa28\" data-element_type=\"column\">\n\t\t\t<div class=\"elementor-column-wrap elementor-element-populated\">\n\t\t\t\t\t\t\t<div class=\"elementor-widget-wrap\">\n\t\t\t\t\t\t<div class=\"elementor-element elementor-element-08cf791 elementor-widget elementor-widget-heading\" data-id=\"08cf791\" data-element_type=\"widget\" data-widget_type=\"heading.default\">\n\t\t\t\t<div class=\"elementor-widget-container\">\n\t\t\t<h2 class=\"elementor-heading-title elementor-size-default\">Hinta alv 0%, \u20ac\/tunti<\/h2>\t\t<\/div>\n\t\t\t\t<\/div>\n\t\t\t\t<div class=\"elementor-element elementor-element-dab6c0d elementor-widget elementor-widget-eael-advanced-data-table\" data-id=\"dab6c0d\" data-element_type=\"widget\" data-widget_type=\"eael-advanced-data-table.default\">\n\t\t\t\t<div class=\"elementor-widget-container\">\n\t\t\t<div class=\"ea-advanced-data-table-wrap\" data-id=\"dab6c0d\"><div class=\"ea-advanced-data-table-wrap-inner\">\n                <table class=\"ea-advanced-data-table ea-advanced-data-table-static ea-advanced-data-table-dab6c0d\" data-id=\"dab6c0d\"><thead><tr><th><p>Palvelu<\/p><\/th><th>Ma-pe<\/th><th>Lauantai<\/th><th>Sunnuntai, arkipyh\u00e4<\/th><\/tr><\/thead><tbody><tr><td><p><strong>Kotipalvelut, henkil\u00f6kohtainen avustaminen,<\/strong><\/p><p><strong>asiointi- ja saattajapalvelut, senioriapu<\/strong><\/p><\/td><td><p>36 \u20ac<\/p><\/td><td><p>45 \u20ac<\/p><\/td><td><p>60 \u20ac<\/p><\/td><\/tr><tr><td><p><strong>Kylvetys arkisin klo 7.00 \u2013 15.30<\/strong><\/p><\/td><td><p>36 \u20ac<\/p><\/td><td><p><br><\/p><\/td><td><p><br><\/p><\/td><\/tr><tr><td><p><strong>Kotisiivous, ikkunoiden pesu, talonmiespalvelut<\/strong><\/p><\/td><td><p>40 \u20ac\u00b9<\/p><\/td><td><p><br><\/p><\/td><td><p><br><\/p><\/td><\/tr><\/tbody><\/table>\n            <\/div><\/div>\t\t<\/div>\n\t\t\t\t<\/div>\n\t\t\t\t<div class=\"elementor-element elementor-element-389e6b8 elementor-widget elementor-widget-text-editor\" data-id=\"389e6b8\" data-element_type=\"widget\" data-widget_type=\"text-editor.default\">\n\t\t\t\t<div class=\"elementor-widget-container\">\n\t\t\t\t\t\t\t\t<div class=\"elementor-text-editor elementor-clearfix\">\n\t\t\t\t<p>\u00a0 \u00b9Hinta alv 25,5% on 50,20 \u20ac\/tunti<\/p>\t\t\t\t\t<\/div>\n\t\t\t\t\t\t<\/div>\n\t\t\t\t<\/div>\n\t\t\t\t\t\t<\/div>\n\t\t\t\t\t<\/div>\n\t\t<\/div>\n\t\t\t\t\t\t\t\t<\/div>\n\t\t\t\t\t<\/div>\n\t\t<\/section>\n\t\t\t\t<section class=\"elementor-section elementor-top-section elementor-element elementor-element-0516bc9 elementor-section-full_width animated-slow elementor-section-height-default elementor-section-height-default elementor-invisible\" data-id=\"0516bc9\" data-element_type=\"section\" data-settings=\"{&quot;animation&quot;:&quot;fadeIn&quot;,&quot;background_background&quot;:&quot;classic&quot;}\">\n\t\t\t\t\t\t<div class=\"elementor-container elementor-column-gap-default\">\n\t\t\t\t\t\t\t<div class=\"elementor-row\">\n\t\t\t\t\t<div class=\"elementor-column elementor-col-100 elementor-top-column elementor-element elementor-element-b401a7c\" data-id=\"b401a7c\" data-element_type=\"column\">\n\t\t\t<div class=\"elementor-column-wrap elementor-element-populated\">\n\t\t\t\t\t\t\t<div class=\"elementor-widget-wrap\">\n\t\t\t\t\t\t<div class=\"elementor-element elementor-element-689c5fb elementor-widget elementor-widget-heading\" data-id=\"689c5fb\" data-element_type=\"widget\" data-widget_type=\"heading.default\">\n\t\t\t\t<div class=\"elementor-widget-container\">\n\t\t\t<h2 class=\"elementor-heading-title elementor-size-default\">Lis\u00e4tietoa ja palveluehdot<\/h2>\t\t<\/div>\n\t\t\t\t<\/div>\n\t\t\t\t<div class=\"elementor-element elementor-element-0a6879a elementor-widget elementor-widget-text-editor\" data-id=\"0a6879a\" data-element_type=\"widget\" data-widget_type=\"text-editor.default\">\n\t\t\t\t<div class=\"elementor-widget-container\">\n\t\t\t\t\t\t\t\t<div class=\"elementor-text-editor elementor-clearfix\">\n\t\t\t\t<p>Arvonlis\u00e4verottomia palveluja on oikeutettu ostamaan henkil\u00f6, joka i\u00e4st\u00e4, heikkokuntoisuudesta tai sairaudesta johtuen ei p\u00e4rj\u00e4\u00e4 yksin.<\/p>\n<p>Asiakkaan kanssa tehd\u00e4\u00e4n palvelusopimus sek\u00e4 hoito- tai palvelusuunnitelma.<\/p>\n<p>Hygienia- ja allergiasyist\u00e4 siivous toteutetaan yleens\u00e4 asiakkaan omilla aineilla ja v\u00e4lineill\u00e4.<\/p>\n<p>Palvelun hinta ei sis\u00e4ll\u00e4 ty\u00f6matkojen kilometrikorvausta, joka laskutetaan verohallinnon vahvistaman kilometrikorvauksen mukaisesti (vuonna 2025: 0,59\u20ac \/ km).<\/p>\n<p>Tuntity\u00f6n minimiveloitus on yksi tunti (kotisiivouksessa 2 tuntia), jonka j\u00e4lkeen ty\u00f6st\u00e4 veloitetaan puolen tunnin tarkkuudella. Laskutus tapahtuu j\u00e4lkik\u00e4teen, kerran kuukaudessa. Matka-aika asiakkaan luo on laskutettavaa ty\u00f6t\u00e4.<\/p>\n<p>Paperilaskuun ja e-laskuun lis\u00e4t\u00e4\u00e4n l\u00e4hetyskulu 5\u20ac \/ lasku. S\u00e4hk\u00f6postilaskun toimitamme ilman l\u00e4hetyskuluja. Muistutusmaksu my\u00f6h\u00e4ss\u00e4 olevasta maksusta 10\u20ac ja viiv\u00e4styskorko 11,5%.<\/p>\n<p>Peruutukset ja muutokset tilattuihin palveluihin tulee ilmoittaa mahdollisimman aikaisin, kuitenkin viimeist\u00e4\u00e4n kolme vuorokautta etuk\u00e4teen. Peruuttamattomasta siivousajasta tai palvelusta perit\u00e4\u00e4n 36\u20ac maksu.<\/p>\n<p>Siivous ja kodinhoitopalvelut ovat yksityisasiakkaille verov\u00e4hennyskelpoisia. Niist\u00e4 saa verotuksessa kotitalousv\u00e4hennyksen\u00e4 35% takaisin maksetusta palvelusta. Lis\u00e4tietoja vero.fi:n sivuilta.<\/p>\n<p>Pid\u00e4t\u00e4mme oikeudet hintojen muutoksiin yhden kuukauden ennakkovaroitusajalla.<\/p>\t\t\t\t\t<\/div>\n\t\t\t\t\t\t<\/div>\n\t\t\t\t<\/div>\n\t\t\t\t<div class=\"elementor-element elementor-element-6175720 elementor-widget elementor-widget-heading\" data-id=\"6175720\" data-element_type=\"widget\" data-widget_type=\"heading.default\">\n\t\t\t\t<div class=\"elementor-widget-container\">\n\t\t\t<h2 class=\"elementor-heading-title elementor-size-default\">Ota rohkeasti yhteytt\u00e4, me olemme valmiina auttamaan juuri Sinua \u2013 taidolla ja tunteella!<\/h2>\t\t<\/div>\n\t\t\t\t<\/div>\n\t\t\t\t\t\t<\/div>\n\t\t\t\t\t<\/div>\n\t\t<\/div>\n\t\t\t\t\t\t\t\t<\/div>\n\t\t\t\t\t<\/div>\n\t\t<\/section>\n\t\t\t\t<section class=\"elementor-section elementor-top-section elementor-element elementor-element-42f7d03 animated-slow elementor-section-boxed elementor-section-height-default elementor-section-height-default elementor-invisible\" data-id=\"42f7d03\" data-element_type=\"section\" data-settings=\"{&quot;background_background&quot;:&quot;classic&quot;,&quot;animation&quot;:&quot;fadeIn&quot;}\">\n\t\t\t\t\t\t<div class=\"elementor-container elementor-column-gap-default\">\n\t\t\t\t\t\t\t<div class=\"elementor-row\">\n\t\t\t\t\t<div class=\"elementor-column elementor-col-100 elementor-top-column elementor-element elementor-element-de0d188\" data-id=\"de0d188\" data-element_type=\"column\">\n\t\t\t<div class=\"elementor-column-wrap elementor-element-populated\">\n\t\t\t\t\t\t\t<div class=\"elementor-widget-wrap\">\n\t\t\t\t\t\t<div class=\"elementor-element elementor-element-c12127c elementor-widget elementor-widget-heading\" data-id=\"c12127c\" data-element_type=\"widget\" data-widget_type=\"heading.default\">\n\t\t\t\t<div class=\"elementor-widget-container\">\n\t\t\t<h2 class=\"elementor-heading-title elementor-size-default\">Palveluiden tilaaminen<\/h2>\t\t<\/div>\n\t\t\t\t<\/div>\n\t\t\t\t<div class=\"elementor-element elementor-element-1e77629 elementor-widget elementor-widget-text-editor\" data-id=\"1e77629\" data-element_type=\"widget\" data-widget_type=\"text-editor.default\">\n\t\t\t\t<div class=\"elementor-widget-container\">\n\t\t\t\t\t\t\t\t<div class=\"elementor-text-editor elementor-clearfix\">\n\t\t\t\t<p>Kiinnostuitko palveluistamme? Tilaaminen on helppoa.<br>T\u00e4yt\u00e4 vain oheinen lomake, niin olemme sinuun yhteydess\u00e4 mahdollisimman pian:<\/p>\t\t\t\t\t<\/div>\n\t\t\t\t\t\t<\/div>\n\t\t\t\t<\/div>\n\t\t\t\t<div class=\"elementor-element elementor-element-3b4486d elementor-align-center elementor-widget elementor-widget-button\" data-id=\"3b4486d\" data-element_type=\"widget\" data-widget_type=\"button.default\">\n\t\t\t\t<div class=\"elementor-widget-container\">\n\t\t\t\t\t<div class=\"elementor-button-wrapper\">\n\t\t\t<a href=\"http:\/\/www.taitohoito.fi\/?page_id=24\" class=\"elementor-button-link elementor-button elementor-size-lg\" role=\"button\">\n\t\t\t\t\t\t<span class=\"elementor-button-content-wrapper\">\n\t\t\t\t\t\t<span class=\"elementor-button-text\">Siirry tilauslomakkeeseen<\/span>\n\t\t<\/span>\n\t\t\t\t\t<\/a>\n\t\t<\/div>\n\t\t\t\t<\/div>\n\t\t\t\t<\/div>\n\t\t\t\t\t\t<\/div>\n\t\t\t\t\t<\/div>\n\t\t<\/div>\n\t\t\t\t\t\t\t\t<\/div>\n\t\t\t\t\t<\/div>\n\t\t<\/section>\n\t\t\t\t\t\t\t\t\t<\/div>\n\t\t\t<\/div>\n\t\t\t\t\t<\/div>\n\t\t","protected":false},"excerpt":{"rendered":"<p>Hinnasto Hinta alv 0%, \u20ac\/tunti Palvelu Ma-pe Lauantai Sunnuntai, arkipyh\u00e4 Kotipalvelut, henkil\u00f6kohtainen avustaminen, asiointi- ja saattajapalvelut, senioriapu 36 \u20ac 45 \u20ac 60 \u20ac Kylvetys arkisin klo 7.00 \u2013 15.30 36 \u20ac Kotisiivous, ikkunoiden pesu, talonmiespalvelut 40 \u20ac\u00b9 \u00a0 \u00b9Hinta alv 25,5% on 50,20 \u20ac\/tunti Lis\u00e4tietoa ja palveluehdot Arvonlis\u00e4verottomia palveluja on oikeutettu ostamaan henkil\u00f6, joka i\u00e4st\u00e4,&hellip;&nbsp;<a href=\"https:\/\/www.taitohoito.fi\/?page_id=22\" class=\"\" rel=\"bookmark\">Read More &raquo;<span class=\"screen-reader-text\">Hinnasto<\/span><\/a><\/p>\n","protected":false},"author":1,"featured_media":0,"parent":0,"menu_order":0,"comment_status":"closed","ping_status":"closed","template":"page-templates\/template-pagebuilder-full-width.php","meta":[],"_links":{"self":[{"href":"https:\/\/www.taitohoito.fi\/index.php?rest_route=\/wp\/v2\/pages\/22"}],"collection":[{"href":"https:\/\/www.taitohoito.fi\/index.php?rest_route=\/wp\/v2\/pages"}],"about":[{"href":"https:\/\/www.taitohoito.fi\/index.php?rest_route=\/wp\/v2\/types\/page"}],"author":[{"embeddable":true,"href":"https:\/\/www.taitohoito.fi\/index.php?rest_route=\/wp\/v2\/users\/1"}],"replies":[{"embeddable":true,"href":"https:\/\/www.taitohoito.fi\/index.php?rest_route=%2Fwp%2Fv2%2Fcomments&post=22"}],"version-history":[{"count":57,"href":"https:\/\/www.taitohoito.fi\/index.php?rest_route=\/wp\/v2\/pages\/22\/revisions"}],"predecessor-version":[{"id":789,"href":"https:\/\/www.taitohoito.fi\/index.php?rest_route=\/wp\/v2\/pages\/22\/revisions\/789"}],"wp:attachment":[{"href":"https:\/\/www.taitohoito.fi\/index.php?rest_route=%2Fwp%2Fv2%2Fmedia&parent=22"}],"curies":[{"name":"wp","href":"https:\/\/api.w.org\/{rel}","templated":true}]}}